h + 5. Let y(s) = 4*s**2 - 3*s - 2. Let f(q) = -2*b(q) - 5*y(q). Let i be f(1). Let u = i - -12. What is the units digit of u?
9
Let p = 24 + -9. What is the tens digit of p?
1
Suppose -5*i = a - 26, -4*i - 2 + 18 = 0. Suppose -a*k + 3*k = 0. Suppose 0 = 4*t - 9*t + 4*n + 67, k = 5*n - 10. What is the units digit of t?
5
Suppose -2*z + 8 = 2*u, 5*u - 5*z + z + 16 = 0. Suppose u = -0*f + 2*f - 40. What is the tens digit of f?
2
Suppose 0 = j + j - 5*c - 206, -5*c = 0. What is the tens digit of j?
0
Let g = 1 + -2. Let n = g + -1. Let s = n + 4. What is the units digit of s?
2
Suppose 143*n - 142*n = 203. What is the hundreds digit of n?
2
Let p be (-6)/(-5)*315/18. Let t = 27 - p. What is the units digit of t?
6
Let m(y) = y**3 - y**2 + y - 1. Let z be m(2). Suppose -i + 22 = 3*a, 5*a + z*i - 63 + 13 = 0. What is the units digit of a?
6
Let l(a) = 77*a + 2. What is the units digit of l(1)?
9
What is the units digit of -3 + (180/(-3))/(-2)?
7
Suppose 0 = o - 3*o - 54. Let l = o - -45. What is the units digit of l?
8
Suppose -76 = -3*q - 5*s, -5*q + s = 5*s - 105. What is the tens digit of q?
1
Let a(n) = n**3 - n - 4 - 3 - 3*n**2 + 12. What is the tens digit of a(4)?
1
Suppose 4*o + 28 = 4*c, -2*c + 4*o + 9 = -15. Suppose m + 100 = 3*a, 0 = -c*a + a + m + 36. What is the tens digit of a?
3
Let j(y) = -2 - y - 2*y**2 + 7*y - 3*y + 3*y**2. What is the units digit of j(2)?
8
Let r = -3 + 2. Let n be (2 + 6)/(3 + r). What is the units digit of (15 - 1)*(n - 3)?
4
Let u be 0 - (-1 + -3 + 0). Suppose p - u*p + 6 = 0. Suppose -3*m + 14 = p*i - 4, -3*i = -4*m + 7. What is the units digit of i?
3
What is the units digit of (3*28/18)/(2/3)?
7
Let x be 7 + (-4 - (-3 + 2)). Suppose -s + x*y = 5*y - 47, -4*s = -3*y - 181. What is the units digit of s?
6
Suppose 0 = q + 8 - 21. What is the units digit of q?
3
Suppose 3*n = 4*a - 10, 2*n = -0*n + 2*a - 6. What is the units digit of (72/(-42))/(n/14)?
2
Let h(i) = 2*i**3 - 12*i**2 + 2*i**3 - 6 - 5*i**3 - 13*i. What is the units digit of h(-11)?
6
Let o(p) be the first derivative of -p**2/2 + 2*p + 1. Let n be o(-2). Suppose -n*z = 3*w - 33, z + 0*w + 3 = 3*w. What is the units digit of z?
6
Let i = 2 - -15. What is the units digit of i?
7
Let m = -164 - -323. What is the tens digit of m?
5
Let v(m) be the second derivative of m**3/2 - 3*m**2 - m. What is the units digit of v(9)?
1
Let o = -52 - -56. What is the units digit of o?
4
Let q = -1 + 19. What is the units digit of (0/(-3) - 1) + q?
7
Let x(r) be the second derivative of r**3/6 + r**2/2 + 2*r. Let q be x(-6). What is the units digit of q/3*(-10 - -1)?
5
Let w = 201 + -131. What is the units digit of w?
0
Let w(r) = r**3 + 21*r**2 + 8*r - 16. What is the units digit of w(-20)?
4
Suppose 7*p = 6*p + 54. What is the units digit of p?
4
Let s be (6/(-4))/(9/(-24)). Let z = -3 - -9. Suppose 2*c + s = z. What is the units digit of c?
1
Let b = 67 - 34. What is the units digit of b?
3
Suppose 0 = -s + 5*y + 116, 5*y + 148 = 5*s - 332. What is the units digit of s?
1
Suppose -r = 1 - 5. Suppose 40 = -r*a + 6*a. What is the units digit of a?
0
Suppose 0*z = -3*z + 27. Let q be (0 + -3)*(-12)/z. Let w = 14 - q. What is the tens digit of w?
1
Let r(m) = m**3 + 7*m**2 - 7*m + 10. Let w be r(-8). What is the units digit of 1/w*1*12?
6
Suppose 0 = -4*y + 2*x - 22, -y + 4*x - x = 18. Let k = -1 - y. Suppose k*o - 6*o = -24. What is the units digit of o?
6
Suppose -12*a + 5*a = -2170. What is the units digit of a?
0
Let g = -7 + 26. Suppose -g = -v + 3*r, 5 = v + r - 2. What is the tens digit of v?
1
Suppose 1 - 10 = -x. Suppose -m - 2 = 0, 5*o - 2*m - 38 + x = 0. Suppose -o*w + 71 - 31 = 0. What is the units digit of w?
8
Suppose 2 = d, 3*g - 4*g - 2*d + 67 = 0. What is the tens digit of g?
6
Suppose 20 = -2*w - 2*w. Let s = w - -3. What is the units digit of (9 - (s + 1))/2?
5
Let n(c) = -c**2 - 9*c - 6. Let x be n(-6). Let i = 0 + 0. Suppose i = 2*d - d - x. What is the units digit of d?
2
Suppose 3*g - 16 = -2*j, 5*j + 0*g - 19 = 3*g. Suppose -2 - 10 = -4*p, 2*a = j*p + 5. Let t = -5 + a. What is the units digit of t?
5
Let q = -4 + 7. Suppose -h - 3*h + 29 = 3*t, -3*t = 2*h - 19. Suppose 5*g = 3*s - 0*g + 2, -q*s + t*g = 0. What is the units digit of s?
1
Let k = 15 - -23. What is the tens digit of k?
3
Let v(y) = -2*y + 0*y - 1 - 1 + 0. Let c be v(-3). Suppose -5*w + c*p = -65, 0*w + w - 4 = -p. What is the units digit of w?
9
Suppose b = -3*b + d + 105, 3*d - 9 = 0. What is the units digit of b?
7
Suppose -30 = -s + 21. What is the tens digit of s?
5
Suppose 3*z + 160 - 37 = 3*t, 149 = 4*t + z. What is the tens digit of t?
3
Suppose -14 = -36*w + 34*w. What is the units digit of w?
7
Let x(s) = s**2 + 12*s - 4. Let p be x(-11). Let o be 7 + (-5)/(p/6). Let g = o + -7. What is the units digit of g?
2
Let u(s) = s**2 + 6*s - 1. Let k be u(-5). Let f = k + 11. What is the units digit of f?
5
Suppose 10 = -2*d + 4, 4*d = 5*f - 762. What is the hundreds digit of f?
1
Let g(q) = -41*q. Let v = 9 + -10. What is the units digit of g(v)?
1
Let f = 0 - -72. What is the tens digit of f?
7
Let x = -1 - -13. Let b(y) = y**2 - 6*y - 2. Let n be b(5). Let a = n + x. What is the units digit of a?
5
Let r(s) = -s**2 + 11*s + 5. Suppose 6*n = 2*n + 44. Let d be r(n). Suppose -d*q = 23 - 68. What is the units digit of q?
9
Let l(m) be the first derivative of m**2/2 - 6*m + 2. Let a be l(6). Suppose a = -7*z + 10*z - 39. What is the units digit of z?
3
Suppose 0 = -5*y - 4*t + 528, 198 = 2*y - 3*t - 2*t. What is the hundreds digit of y?
1
Let r be 33/(-5) - (-2)/(-5). Let v(c) = 7*c**2 + 14*c - 11. Let o(z) = 3*z**2 + 7*z - 6. Let j(m) = -5*o(m) + 2*v(m). What is the units digit of j(r)?
8
Suppose 2*o - 548 + 142 = 0. What is the tens digit of o?
0
Let z be (-8)/(-3)*(5 + -2). What is the units digit of 12/10*20/z?
3
Suppose j + 3*d = 25, -4 + 20 = 4*d. What is the units digit of j?
3
What is the tens digit of (-33 - 2)/(-1 - 0)?
3
Suppose 25 + 1 = -3*g + 4*d, -5*g = -5*d + 45. What is the units digit of (-84)/30*g/4?
7
Let u(b) = -10*b**3 - b**2 + b + 3. What is the tens digit of u(-2)?
7
Let d = 7 + 22. What is the tens digit of d?
2
Let a(b) = 3*b + 19. What is the tens digit of a(6)?
3
Let h = 94 + -55. Let x = h - 18. What is the tens digit of x?
2
Let a be (-12)/54 + (-272)/(-9). Suppose 5*b - 205 - a = 0. What is the tens digit of b?
4
Let s(x) = x + 2. Let v = 10 + -5. What is the units digit of s(v)?
7
Let h(r) = -r**2 + 10*r - 10. What is the units digit of h(8)?
6
Let h be (1 - 2)/(1/(-5)). Let b(c) = 2*c. Let u(z) = -2*z - 1. Let k(j) = 4*b(j) + 3*u(j). What is the units digit of k(h)?
7
Let j(x) = -x**3 - 11*x**2 + 11*x - 10. Let l be j(-12). Let m be 59/2 - (-1)/2. Suppose 4*g - m = -l*d, 2*d - 6 = d + g. What is the units digit of d?
9
Let s = 171 - 106. What is the tens digit of s?
6
Let c be (-6)/9 - 10/(-6). Let p be (3 + -5 + c)*-2. Suppose 8 = p*w - 0. What is the units digit of w?
4
Let a(j) = -27*j**2 + 2*j - 3. Let m(k) = k**2 - k + 1. Let y(p) = -a(p) - 3*m(p). What is the units digit of y(-1)?
3
What is the tens digit of (136/12)/((-1)/(-3))?
3
Let p(n) = -n + 12. Let z be p(9). Suppose 2*o + q = -2*q - z, 3*o - 28 = 2*q. What is the units digit of o?
6
Suppose 0 = k - 0*k + 4, k = 2*p - 242. Suppose 5*l - p = -29. What is the units digit of l?
8
Let r = -8 - -11. Suppose 5*s + 156 = 4*l, -r*l + 4*l - s - 38 = 0. What is the units digit of l?
4
Let j = -33 + 95. Suppose h - 44 = 3*v - 12, j = 2*h - 5*v. What is the tens digit of h?
2
Suppose 5*y + 0*m - 646 = 3*m, 0 = y - 4*m - 136. What is the tens digit of y?
2
What is the units digit of 0 + 1 + -2 + 56?
5
Let l be 21/14*(-52)/(-3). Suppose -6*q = -l - 184. What is the tens digit of q?
3
Let f = 2 + -9. What is the tens digit of f/((-70)/12)*35?
4
Let n = 4 - 0. Suppose 0 = k - 4*t - 24, -n*t - 13 = 3*k + t. What is the units digit of k?
4
What is the units digit of (4/2)/(((-8)/145)/(-4))?
5
Suppose -3*z - 3*i + 204 = 0, 0 = -2*z - 2*i + 5*i + 131. What is the units digit of z?
7
Suppose -11 - 4 = -5*p. Let s = p - -14. What is the tens digit of s?
1
Suppose 2*q - 72 = -x, 4*x - 5*x - 4*q + 76 = 0. What is the tens digit of x?
6
Let p(v) = -v**3 - 15*v**2 - v + 3. What is the tens digit of p(-15)?
